12
In base 11, what is 10 - 851259?
-851249
In base 2, what is -10101011001010101010010 + 0?
-10101011001010101010010
In base 13, what is -38955 + -b85?
-3980a
In base 15, what is -2d + -4486da?
-448718
In base 12, what is -20952661 + 0?
-20952661
In base 12, what is -7 + 3421b3?
3421a8
In base 10, what is 114 + -3106501?
-3106387
In base 9, what is 556237376 - 5?
556237371
In base 13, what is -33ab97b - 13?
-33ab991
In base 16, what is -3df3 - -436?
-39bd
In base 4, what is -1212 + 132000312?
131333100
In base 14, what is 3 - 2d4879?
-2d4876
In base 15, what is 20068 + -a3?
1eeb5
In base 3, what is 10200001202110 + 20?
10200001202200
In base 15, what is 3da38 + c7?
3db10
In base 16, what is -b - c0c9d9?
-c0c9e4
In base 11, what is -931 + -54925a?
-54a090
In base 9, what is -7233252 - -15?
-7233236
In base 3, what is 22122100200 - 122200?
22121201000
In base 8, what is -3 - -5332723?
5332720
In base 15, what is 1b - -17b544?
17b560
In base 6, what is 5 + 32551340?
32551345
In base 4, what is -10330 + 1210121301?
1210110311
In base 14, what is -109 + 4b664?
4b559
In base 10, what is -63143 + -4423?
-67566
In base 2, what is 110011000 + 10000110100000111?
10000111010011111
In base 4, what is -1020230 - 112130?
-1133020
In base 16, what is ad2a + ac3?
b7ed
In base 10, what is 5112 - 596?
4516
In base 10, what is 7 + -5837270?
-5837263
In base 14, what is -555d3d0 + -21?
-555d411
In base 6, what is -343 + 301004?
300221
In base 6, what is -402452431 + -21?
-402452452
In base 2, what is 1010100011101 - -10010101111101011?
10100000100001000
In base 4, what is 110122212 + -20322?
110101230
In base 16, what is -61b6 - 1a02?
-7bb8
In base 2, what is -10001100100100011 + 100111?
-10001100011111100
In base 15, what is 495b + 11e9?
5b55
In base 11, what is 6470592 - 24?
6470569
In base 5, what is -123303 + -10143?
-134001
In base 3, what is -1210 + 22012211002120?
22012211000210
In base 13, what is -1 + 58c7ab?
58c7aa
In base 7, what is 14034025 + -141?
14033554
In base 6, what is 2 - -1515041053?
1515041055
In base 16, what is 1014 + 355?
1369
In base 2, what is 1000111001110110111100010000 - 1001?
1000111001110110111100000111
In base 9, what is 31 + -580240?
-580208
In base 13, what is -280392 + -44?
-280406
In base 2, what is 1 - 1111101010000111001110?
-1111101010000111001101
In base 2, what is 0 + -100010100000000011?
-100010100000000011
In base 14, what is -3 + -6dc1aa?
-6dc1ad
In base 2, what is 11 + -10100100101001110100?
-10100100101001110001
In base 14, what is 12b064a90 - -5?
12b064a95
In base 4, what is -122220 + -12012?
-200232
In base 8, what is 565603 + -116?
565465
In base 11, what is 387 - -2521a?
255a6
In base 3, what is -2001210202122 - -1202?
-2001210200220
In base 4, what is -1100310101 + 101?
-1100310000
In base 10, what is -98 + -171300?
-171398
In base 3, what is -10222121002 - 1101?
-10222122110
In base 11, what is 521606 - a?
5215a7
In base 11, what is -1a0655493 + -2?
-1a0655495
In base 4, what is 3303000111 + -11?
3303000100
In base 12, what is 11 - 94346?
-94335
In base 3, what is -201122011 - 1100021?
-202222102
In base 8, what is -47 - -170?
121
In base 4, what is 1120 + 101111?
102231
In base 4, what is -1332211131 - 23?
-1332211220
In base 9, what is 26 - -880304?
880331
In base 16, what is -a1 + -3bd2f?
-3bdd0
In base 13, what is 64b8 - 286?
6232
In base 8, what is -5036 + 2643?
-2173
In base 5, what is -1202 - 24130331?
-24132033
In base 3, what is -212122220 + -111021?
-220011011
In base 13, what is -2c3c - 1c06a?
-21ca9
In base 7, what is 14546 - -1261?
16140
In base 9, what is 583 + -10552?
-8858
In base 13, what is -60869 + -60?
-608c9
In base 5, what is 31 - -402114224?
402114310
In base 5, what is 10024233 - 4213?
10020020
In base 9, what is 2458 + 861?
3430
In base 5, what is 4 + -223311323?
-223311314
In base 11, what is 66052a - 15?
660515
In base 4, what is -100303312 + 20322?
-100222330
In base 15, what is -19ebd - 315?
-1a2d3
In base 5, what is 14 - -1310134?
1310203
In base 4, what is -3221231001 + -133?
-3221231200
In base 8, what is -22 + 327330354?
327330332
In base 15, what is -2e - -74b673?
74b644
In base 9, what is 21 + -76068?
-76047
In base 10, what is 211 + 695655?
695866
In base 12, what is -a4 - -11575?
11491
In base 8, what is 424636433 + -5?
424636426
In base 9, what is -836 - 255073?
-256020
In base 5, what is 303413021 - -12213?
303430234
In base 4, what is 121131122201000 + 10?
121131122201010
In base 16, what is -1bdc1 - -18e?
-1bc33
In base 15, what is 4 - -d0bdec?
d0be01
In base 16, what is 8 - -152f47?
152f4f
In base 6, what is 35540 + -1230052?
-1150112
In base 12, what is -2 + 9613572a?
96135728
In base 9, what is -17 - 310463?
-310481
In base 14, what is 36 - -624cd?
62525
In base 8, what is -2436 + -1234257?
-1236715
In base 16, what is -201 - -130e?
110d
In base 7, what is -3 + -50533320?
-50533323
In base 14, what is -16 + -3123c6?
-3123dc
In base 10, what is -10041 - 68156?
-78197
In base 10, what is 154196 - 976?
153220
In base 16, what is -14a5e43 - 2?
-14a5e45
In base 5, what is -1 - -12132310401?
12132310400
In base 7, what is 45025 + 5240?
53265
In base 15, what is 2190c + -14?
218e8
In base 8, what is -261 + 17030551?
17030270
In base 9, what is 375 + -68211?
-67725
In base 7, what is -34043145536 + -4?
-34043145543
In base 2, what is -11100111 + -1010011001101111010001?
-1010011001110010111000
In base 13, what is -12 - 355b6b?
-355b80
In base 14, what is c - 474697?
-474689
In base 4, what is -2023 - 220331030?
-220333113
In base 11, what is -523a56 + 3?
-523a53
In base 7, what is -1064 + 4662405?
4661311
In base 8, what is -1236 - -24210?
22752
In base 12, what is -32321 - -75?
-32268
In base 9, what is 3 + -2301625?
-2301622
In base 13, what is 17a0602 + 0?
17a0602
In base 10, what is 10396 - 63590?
-53194
In base 11, what is -15549432 - 0?
-15549432
In base 4, what is -1232301002 + 10?
-1232300332
In base 10, what is -72 + -2177436?
-2177508
In base 3, what is 1001011 + -102021200?
-101020112
In base 6, what is 3122334243 + 2?
3122334245
In base 8, what is 514511754 + -3?
514511751
In base 10, what is -2361981 - -460?
-2361521
In base 9, what is -41 + -27446358?
-27446410
In base 8, what is -40002777 - -7?
-40002770
In base 6, what is -5 + 15543554155?
15543554150
In base 4, what is -100130020120 + 11?
-100130020103
In base 16, what is -249 + -4572c?
-45975
In base 12, what is -36293 - 157?
-3642a
In base 15, what is 20a - 23a4?
-2199
In base 14, what is 6 - -157802?
157808
In base 12, what is 7 - a0b4a56?
-a0b4a4b
In base 14, what is 12c892 - -1a6?
12ca58
In base 12, what is 335585a + 4?
3355862
In base 2, what is -101001011 + 1000101010011101?
1000100101010010
In base 11, what is 3515 - 2906?
70a
In base 11, what is -957a07 - -1?
-957a06
In base 8, what is -111 + -1137624?
-1137735
In base 9, what is 245 - 2334475?
-2334230
In base 7, what is -5614 - 560136?
-566053
In base 4, what is -213221 + 102300?
-110321
In base 15, what is -1a808 + d5?
-1a723
In base 11, what is 973564a1 + 0?
973564a1
In base 13, what is 2791123 + -48?
27910a8
In base 15, what is 653e8 + -67?
65381
In base 13, what is 964a + 6088?
12705
In base 7, what is -42 - 30253301?
-30253343
In base 3, what is -1110001 - -211001011?
202121010
In base 14, what is 4ad - 72559?
-7208a
In base 2, what is 110000 + -1100000011001001101?
-1100000011000011101
In base 3, what is -1 + 220020200001220?
220020200001212
In base 3, what is 10 - -10022000011201?
10022000011211
In base 2, what is 11011 + 11010001010000?
11010001101011
In base 10, what is 4 - -3161582?
3161586
In base 7, what is 2146 - -11633?
14112
In base 9, what is 50728 + 754?
51583
In base 12, what is -27b - -157358?
157099
In base 3, what is -1220 + 20101212020?
20101210100
In base 13, what is 286c86 + -85?
286c01
In base 10, what is 73884259 - -1?
73884260
In base 3, what is -21121100 + -2010102?
-100201202
In base 6, what is 11050510513 + -23?
11050510450
In base 13, what is 322c442 - 2?
322c440
In base 13, what is -3b0b25b + -2?
-3b0b260
In base 14, what is a7c43 + -40?
a7c03
In base 9, what is -8225 + -13418?
-22644
In base 10, what is -677059 + 25?
-677034
In base 10, what is -1 - -4707782?
4707781
In base 9, what is -36 + 7568420?
7568373
I